{"id":665,"date":"2021-09-29T21:05:55","date_gmt":"2021-09-29T21:05:55","guid":{"rendered":"https:\/\/kunstschaukel.at\/?page_id=665"},"modified":"2022-02-18T11:41:30","modified_gmt":"2022-02-18T11:41:30","slug":"visionen-kunstschaukel-muerztal","status":"publish","type":"page","link":"https:\/\/kunstschaukel.at\/?page_id=665","title":{"rendered":"Visionen Kunstschaukel M\u00fcrztal"},"content":{"rendered":"\n<figure class=\"wp-block-image size-large\"><img loading=\"lazy\" width=\"1024\" height=\"512\" src=\"https:\/\/kunstschaukel.at\/wp-content\/uploads\/2021\/09\/Stuhl-1024x512.jpg\" alt=\"\" class=\"wp-image-666\" srcset=\"https:\/\/kunstschaukel.at\/wp-content\/uploads\/2021\/09\/Stuhl-1024x512.jpg 1024w, https:\/\/kunstschaukel.at\/wp-content\/uploads\/2021\/09\/Stuhl-300x150.jpg 300w, https:\/\/kunstschaukel.at\/wp-content\/uploads\/2021\/09\/Stuhl-768x384.jpg 768w, https:\/\/kunstschaukel.at\/wp-content\/uploads\/2021\/09\/Stuhl.jpg 1200w\" sizes=\"(max-width: 1024px) 100vw, 1024px\" \/><figcaption><strong>Momente Einfangen<\/strong><br>&#8222;Bereit sein ist viel, warten zu k\u00f6nnen ist mehr, doch erst: den rechten Augenblick n\u00fctzen ist alles.\u201c<br><em>Arthur Schnitzler<\/em><\/figcaption><\/figure>\n\n\n\n<div class=\"wp-container-3 wp-block-columns\">\n<div class=\"wp-container-2 wp-block-column\">\n<div class=\"wp-container-1 wp-block-columns\"><\/div>\n<\/div>\n<\/div>\n\n\n\n<p>       <\/p>\n\n\n\n<figure class=\"wp-block-image size-large\"><img loading=\"lazy\" width=\"1024\" height=\"512\" src=\"https:\/\/kunstschaukel.at\/wp-content\/uploads\/2021\/09\/Boden-1024x512.jpg\" alt=\"\" class=\"wp-image-670\" srcset=\"https:\/\/kunstschaukel.at\/wp-content\/uploads\/2021\/09\/Boden-1024x512.jpg 1024w, https:\/\/kunstschaukel.at\/wp-content\/uploads\/2021\/09\/Boden-300x150.jpg 300w, https:\/\/kunstschaukel.at\/wp-content\/uploads\/2021\/09\/Boden-768x384.jpg 768w, https:\/\/kunstschaukel.at\/wp-content\/uploads\/2021\/09\/Boden.jpg 1200w\" sizes=\"(max-width: 1024px) 100vw, 1024px\" \/><figcaption><strong>Grenzen ausloten<\/strong><br> \u201eEs gibt keine Grenzen. Weder f\u00fcr Gedanken, noch f\u00fcr Gef\u00fchle. Es ist die Angst, die immer Grenzen setzt.\u201c<br>Ingmar Bergmann<\/figcaption><\/figure>\n\n\n\n<p>      <\/p>\n\n\n\n<div class=\"wp-container-7 wp-block-columns\">\n<div class=\"wp-container-6 wp-block-column\">\n<div class=\"wp-container-5 wp-block-columns\">\n<div class=\"wp-container-4 wp-block-column\">\n<p><\/p>\n<\/div>\n<\/div>\n<\/div>\n<\/div>\n\n\n\n<figure class=\"wp-block-image size-large\"><img loading=\"lazy\" width=\"1024\" height=\"512\" src=\"https:\/\/kunstschaukel.at\/wp-content\/uploads\/2021\/09\/Nacktheit-1024x512.jpg\" alt=\"\" class=\"wp-image-672\" srcset=\"https:\/\/kunstschaukel.at\/wp-content\/uploads\/2021\/09\/Nacktheit-1024x512.jpg 1024w, https:\/\/kunstschaukel.at\/wp-content\/uploads\/2021\/09\/Nacktheit-300x150.jpg 300w, https:\/\/kunstschaukel.at\/wp-content\/uploads\/2021\/09\/Nacktheit-768x384.jpg 768w, https:\/\/kunstschaukel.at\/wp-content\/uploads\/2021\/09\/Nacktheit.jpg 1200w\" sizes=\"(max-width: 1024px) 100vw, 1024px\" \/><figcaption><strong>Experimentieren <\/strong><br>\u201eWer Gro\u00dfes versucht, ist bewundernswert, auch wenn er f\u00e4llt.\u201c<br>Lucius Annaeus Seneca<\/figcaption><\/figure>\n\n\n\n<div class=\"wp-container-12 wp-block-columns\">\n<div class=\"wp-container-11 wp-block-column\">\n<div class=\"wp-container-10 wp-block-columns\">\n<div class=\"wp-container-9 wp-block-column\">\n<div class=\"wp-container-8 wp-block-columns\"><\/div>\n<\/div>\n<\/div>\n<\/div>\n<\/div>\n\n\n\n<p>     <\/p>\n\n\n\n<figure class=\"wp-block-image size-large\"><img loading=\"lazy\" width=\"1024\" height=\"512\" src=\"https:\/\/kunstschaukel.at\/wp-content\/uploads\/2021\/09\/Gruene-Schlange-1024x512.jpg\" alt=\"\" class=\"wp-image-673\" srcset=\"https:\/\/kunstschaukel.at\/wp-content\/uploads\/2021\/09\/Gruene-Schlange-1024x512.jpg 1024w, https:\/\/kunstschaukel.at\/wp-content\/uploads\/2021\/09\/Gruene-Schlange-300x150.jpg 300w, https:\/\/kunstschaukel.at\/wp-content\/uploads\/2021\/09\/Gruene-Schlange-768x384.jpg 768w, https:\/\/kunstschaukel.at\/wp-content\/uploads\/2021\/09\/Gruene-Schlange.jpg 1200w\" sizes=\"(max-width: 1024px) 100vw, 1024px\" \/><figcaption><strong>Spannung erzeugen<\/strong><br> \u201eSpannung ist Kaugummi f\u00fcrs Gehirn.\u201c<br>Alfred Hitchcock<\/figcaption><\/figure>\n\n\n\n<div class=\"wp-container-14 wp-block-columns\">\n<div class=\"wp-container-13 wp-block-column\">\n<p><\/p>\n<\/div>\n<\/div>\n\n\n\n<p>     <\/p>\n\n\n\n<figure class=\"wp-block-image size-large\"><img loading=\"lazy\" width=\"1024\" height=\"512\" src=\"https:\/\/kunstschaukel.at\/wp-content\/uploads\/2021\/09\/Gelber-Schnitt-1024x512.jpg\" alt=\"\" class=\"wp-image-674\" srcset=\"https:\/\/kunstschaukel.at\/wp-content\/uploads\/2021\/09\/Gelber-Schnitt-1024x512.jpg 1024w, https:\/\/kunstschaukel.at\/wp-content\/uploads\/2021\/09\/Gelber-Schnitt-300x150.jpg 300w, https:\/\/kunstschaukel.at\/wp-content\/uploads\/2021\/09\/Gelber-Schnitt-768x384.jpg 768w, https:\/\/kunstschaukel.at\/wp-content\/uploads\/2021\/09\/Gelber-Schnitt.jpg 1200w\" sizes=\"(max-width: 1024px) 100vw, 1024px\" \/><figcaption><strong>Neue Wege gehen <\/strong><br>\u201eDer Kopf ist rund, damit das Denken die Richtuing \u00e4ndern kann.\u201c <br>Francis Picabia<\/figcaption><\/figure>\n\n\n\n<div class=\"wp-container-18 wp-block-columns\">\n<div class=\"wp-container-17 wp-block-column\">\n<div class=\"wp-container-16 wp-block-columns\">\n<div class=\"wp-container-15 wp-block-column\"><\/div>\n<\/div>\n<\/div>\n<\/div>\n\n\n\n<p>      <\/p>\n\n\n\n<figure class=\"wp-block-image size-large\"><img loading=\"lazy\" width=\"1024\" height=\"512\" src=\"https:\/\/kunstschaukel.at\/wp-content\/uploads\/2021\/09\/Schreibmaschine-1024x512.jpg\" alt=\"\" class=\"wp-image-675\" srcset=\"https:\/\/kunstschaukel.at\/wp-content\/uploads\/2021\/09\/Schreibmaschine-1024x512.jpg 1024w, https:\/\/kunstschaukel.at\/wp-content\/uploads\/2021\/09\/Schreibmaschine-300x150.jpg 300w, https:\/\/kunstschaukel.at\/wp-content\/uploads\/2021\/09\/Schreibmaschine-768x384.jpg 768w, https:\/\/kunstschaukel.at\/wp-content\/uploads\/2021\/09\/Schreibmaschine.jpg 1200w\" sizes=\"(max-width: 1024px) 100vw, 1024px\" \/><figcaption><strong>Versuche starten <\/strong><br>\u201eIch hab angefangen, vor dem Schlafengehen viel Kaffee zu trinken, damit ich schneller tr\u00e4umen kann.\u201c <br>Jim Jarmusch<\/figcaption><\/figure>\n\n\n\n<div class=\"wp-container-20 wp-block-columns\">\n<div class=\"wp-container-19 wp-block-column\">\n<p><\/p>\n<\/div>\n<\/div>\n\n\n\n<p>     <\/p>\n\n\n\n<figure class=\"wp-block-image size-large\"><img loading=\"lazy\" width=\"1024\" height=\"512\" src=\"https:\/\/kunstschaukel.at\/wp-content\/uploads\/2021\/09\/Balkon-1024x512.jpg\" alt=\"\" class=\"wp-image-676\" srcset=\"https:\/\/kunstschaukel.at\/wp-content\/uploads\/2021\/09\/Balkon-1024x512.jpg 1024w, https:\/\/kunstschaukel.at\/wp-content\/uploads\/2021\/09\/Balkon-300x150.jpg 300w, https:\/\/kunstschaukel.at\/wp-content\/uploads\/2021\/09\/Balkon-768x384.jpg 768w, https:\/\/kunstschaukel.at\/wp-content\/uploads\/2021\/09\/Balkon.jpg 1200w\" sizes=\"(max-width: 1024px) 100vw, 1024px\" \/><figcaption><strong>Fokus sch\u00e4rfen <\/strong><br>\u201eWer immer tut, was er schon kann, bleibt immer das, was er schon ist.\u201c<br>Henry Ford<\/figcaption><\/figure>\n\n\n\n<div class=\"wp-container-24 wp-block-columns\">\n<div class=\"wp-container-23 wp-block-column\">\n<div class=\"wp-container-22 wp-block-columns\">\n<div class=\"wp-container-21 wp-block-column\">\n<p><\/p>\n<\/div>\n<\/div>\n<\/div>\n<\/div>\n\n\n\n<p>     <\/p>\n\n\n\n<figure class=\"wp-block-image size-large\"><img loading=\"lazy\" width=\"1024\" height=\"512\" src=\"https:\/\/kunstschaukel.at\/wp-content\/uploads\/2021\/09\/Musik-1024x512.jpg\" alt=\"\" class=\"wp-image-677\" srcset=\"https:\/\/kunstschaukel.at\/wp-content\/uploads\/2021\/09\/Musik-1024x512.jpg 1024w, https:\/\/kunstschaukel.at\/wp-content\/uploads\/2021\/09\/Musik-300x150.jpg 300w, https:\/\/kunstschaukel.at\/wp-content\/uploads\/2021\/09\/Musik-768x384.jpg 768w, https:\/\/kunstschaukel.at\/wp-content\/uploads\/2021\/09\/Musik.jpg 1200w\" sizes=\"(max-width: 1024px) 100vw, 1024px\" \/><figcaption><strong>Gemeinsam musizieren<\/strong> <br>\u201eDie Musik dr\u00fcckt das aus, was nicht gesagt werden kann und wor\u00fcber zu schweigen unm\u00f6glich ist.\u201c<br>Victor Hugo<\/figcaption><\/figure>\n\n\n\n<div class=\"wp-container-26 wp-block-columns\">\n<div class=\"wp-container-25 wp-block-column\">\n<p><\/p>\n<\/div>\n<\/div>\n\n\n\n<p>      <\/p>\n\n\n\n<figure class=\"wp-block-image size-large\"><img loading=\"lazy\" width=\"1024\" height=\"512\" src=\"https:\/\/kunstschaukel.at\/wp-content\/uploads\/2021\/09\/Blaue-Welten-1024x512.jpg\" alt=\"\" class=\"wp-image-678\" srcset=\"https:\/\/kunstschaukel.at\/wp-content\/uploads\/2021\/09\/Blaue-Welten-1024x512.jpg 1024w, https:\/\/kunstschaukel.at\/wp-content\/uploads\/2021\/09\/Blaue-Welten-300x150.jpg 300w, https:\/\/kunstschaukel.at\/wp-content\/uploads\/2021\/09\/Blaue-Welten-768x384.jpg 768w, https:\/\/kunstschaukel.at\/wp-content\/uploads\/2021\/09\/Blaue-Welten.jpg 1200w\" sizes=\"(max-width: 1024px) 100vw, 1024px\" \/><figcaption><strong>R\u00e4ume schaffen<\/strong> <br>\u201eAll eure Stunden sind Fl\u00fcgel, die durch den Raum schweben \u2013 von Ich zu Ich.\u201c <br>Khalil Gibran<\/figcaption><\/figure>\n\n\n\n<p><a href=\"https:\/\/kunstschaukel.at\/?page_id=1284\">Unverbindliche Anfragen<\/a><\/p>\n\n\n\n<h2 id=\"zuruck\"><a href=\"https:\/\/kunstschaukel.at\/\">Zur\u00fcck<\/a><\/h2>\n","protected":false},"excerpt":{"rendered":"<p>Unverbindliche Anfragen Zur\u00fcck<\/p>\n","protected":false},"author":1,"featured_media":0,"parent":0,"menu_order":0,"comment_status":"closed","ping_status":"closed","template":"","meta":{"_mi_skip_tracking":false},"_links":{"self":[{"href":"https:\/\/kunstschaukel.at\/index.php?rest_route=\/wp\/v2\/pages\/665"}],"collection":[{"href":"https:\/\/kunstschaukel.at\/index.php?rest_route=\/wp\/v2\/pages"}],"about":[{"href":"https:\/\/kunstschaukel.at\/index.php?rest_route=\/wp\/v2\/types\/page"}],"author":[{"embeddable":true,"href":"https:\/\/kunstschaukel.at\/index.php?rest_route=\/wp\/v2\/users\/1"}],"replies":[{"embeddable":true,"href":"https:\/\/kunstschaukel.at\/index.php?rest_route=%2Fwp%2Fv2%2Fcomments&post=665"}],"version-history":[{"count":13,"href":"https:\/\/kunstschaukel.at\/index.php?rest_route=\/wp\/v2\/pages\/665\/revisions"}],"predecessor-version":[{"id":1333,"href":"https:\/\/kunstschaukel.at\/index.php?rest_route=\/wp\/v2\/pages\/665\/revisions\/1333"}],"wp:attachment":[{"href":"https:\/\/kunstschaukel.at\/index.php?rest_route=%2Fwp%2Fv2%2Fmedia&parent=665"}],"curies":[{"name":"wp","href":"https:\/\/api.w.org\/{rel}","templated":true}]}}