{"id":294,"date":"2021-09-05T20:37:10","date_gmt":"2021-09-05T20:37:10","guid":{"rendered":"https:\/\/kunstschaukel.at\/?page_id=294"},"modified":"2021-11-30T07:58:22","modified_gmt":"2021-11-30T07:58:22","slug":"mein-kunstwerk","status":"publish","type":"page","link":"https:\/\/kunstschaukel.at\/?page_id=294","title":{"rendered":"Mein Kunstwerk"},"content":{"rendered":"\n<p>\u00dcberl\u00e4sst du den Kritikern, was und wie sie \u00fcber dein Kunstwerk denken?<br>Bist du unsicher beim Formulieren und Einordnen deiner kreativen Sch\u00f6pfungen?<br>Wie beschreibst du deine Arbeiten, dass es authentisch klingt?<\/p>\n\n\n\n<p>In diesem Workshop konzentrierst du dich auf das Beschreiben deines eigenen Werkes und kannst anhand von ausgew\u00e4hlten Beispielen \u00fcben. Gemeinsam besuchen wir eine Ausstellung und interviewen K\u00fcnstler, um wichtige Aspekte in der Pr\u00e4sentation kennenzulernen. Ein klarer Ausdruck f\u00f6rdert den Umgang mit Interessenten und Medien.<\/p>\n\n\n\n<figure class=\"wp-block-image size-full\"><img loading=\"lazy\" width=\"310\" height=\"380\" src=\"https:\/\/kunstschaukel.at\/wp-content\/uploads\/2021\/11\/Portrait_Heike_Dobrovolny_02.jpg\" alt=\"\" class=\"wp-image-1002\" srcset=\"https:\/\/kunstschaukel.at\/wp-content\/uploads\/2021\/11\/Portrait_Heike_Dobrovolny_02.jpg 310w, https:\/\/kunstschaukel.at\/wp-content\/uploads\/2021\/11\/Portrait_Heike_Dobrovolny_02-245x300.jpg 245w\" sizes=\"(max-width: 310px) 100vw, 310px\" \/><\/figure>\n\n\n\n<h2>Mag. Heike Dobrovolny <\/h2>\n\n\n\n<p>Mag. Heike Dobrovolny<br>studierte Kunstgeschichte in Wien und Hamburg<br>Freie Mitarbeiterin bei Kleine Zeitung, eigene Kolumne \u201eKultursch\u00e4tze\u201c<br>Diverse Publikationen<br>Vorstand Kunstschaukel M\u00fcrztal<br><br><\/p>\n\n\n\n<p>Kurs: Mo. 25. Juli &#8211; Fr. 29. Juli 2022 (Kursstart Mo. 25. Juli 9:00)<br>Anreise: So. 24. Juli 2022 16:00 &#8211; 21:00<br>Abreise: Fr. 29. Juli 2022 14:00 (Mittagessen 13:00)<br>Kurszeiten: Mo. &#8211; Do.: 9:00 &#8211; 13:00 &amp; 14:00 &#8211; 17:00 Fr.: 9:00 &#8211; 12:00<\/p>\n\n\n\n<h4>Kurspreis: 380.&#8211;\u20ac<\/h4>\n\n\n\n<p> <a href=\"https:\/\/kunstschaukel.at\/?page_id=207\">Unterkunft und Verpflegung laut Seminarinfos<\/a> <\/p>\n\n\n\n<p><strong><a href=\"https:\/\/kunstschaukel.at\/?page_id=1033\">Anmeldung<\/a><\/strong><\/p>\n","protected":false},"excerpt":{"rendered":"<p>\u00dcberl\u00e4sst du den Kritikern, was und wie sie \u00fcber dein Kunstwerk denken?Bist du unsicher beim Formulieren und Einordnen deiner kreativen Sch\u00f6pfungen?Wie beschreibst du deine Arbeiten, dass es authentisch klingt? In diesem Workshop konzentrierst du dich auf das Beschreiben deines eigenen<\/p>\n","protected":false},"author":1,"featured_media":0,"parent":0,"menu_order":0,"comment_status":"closed","ping_status":"closed","template":"","meta":{"_mi_skip_tracking":false},"_links":{"self":[{"href":"https:\/\/kunstschaukel.at\/index.php?rest_route=\/wp\/v2\/pages\/294"}],"collection":[{"href":"https:\/\/kunstschaukel.at\/index.php?rest_route=\/wp\/v2\/pages"}],"about":[{"href":"https:\/\/kunstschaukel.at\/index.php?rest_route=\/wp\/v2\/types\/page"}],"author":[{"embeddable":true,"href":"https:\/\/kunstschaukel.at\/index.php?rest_route=\/wp\/v2\/users\/1"}],"replies":[{"embeddable":true,"href":"https:\/\/kunstschaukel.at\/index.php?rest_route=%2Fwp%2Fv2%2Fcomments&post=294"}],"version-history":[{"count":9,"href":"https:\/\/kunstschaukel.at\/index.php?rest_route=\/wp\/v2\/pages\/294\/revisions"}],"predecessor-version":[{"id":1128,"href":"https:\/\/kunstschaukel.at\/index.php?rest_route=\/wp\/v2\/pages\/294\/revisions\/1128"}],"wp:attachment":[{"href":"https:\/\/kunstschaukel.at\/index.php?rest_route=%2Fwp%2Fv2%2Fmedia&parent=294"}],"curies":[{"name":"wp","href":"https:\/\/api.w.org\/{rel}","templated":true}]}}